{"id":12,"date":"2019-06-05T09:37:40","date_gmt":"2019-06-05T09:37:40","guid":{"rendered":"http:\/\/distinct-otter.w6.wpsandbox.pro\/?page_id=12"},"modified":"2024-04-29T20:07:18","modified_gmt":"2024-04-29T18:07:18","slug":"preguntas-frecuentes","status":"publish","type":"page","link":"https:\/\/vecinosgranalacant.com\/cms\/preguntas-frecuentes\/","title":{"rendered":"PREGUNTAS FRECUENTES"},"content":{"rendered":"\t\t<div data-elementor-type=\"wp-post\" data-elementor-id=\"12\" class=\"elementor elementor-12\">\n\t\t\t\t\t\t<section class=\"elementor-section elementor-top-section elementor-element elementor-element-cbe0625 elementor-section-boxed elementor-section-height-default elementor-section-height-default\" data-id=\"cbe0625\" data-element_type=\"section\">\n\t\t\t\t\t\t<div class=\"elementor-container elementor-column-gap-default\">\n\t\t\t\t\t<div class=\"elementor-column elementor-col-100 elementor-top-column elementor-element elementor-element-164833b\" data-id=\"164833b\" data-element_type=\"column\">\n\t\t\t<div class=\"elementor-widget-wrap elementor-element-populated\">\n\t\t\t\t\t\t<div class=\"elementor-element elementor-element-40da6d3 elementor-widget elementor-widget-accordion\" data-id=\"40da6d3\" data-element_type=\"widget\" data-widget_type=\"accordion.default\">\n\t\t\t\t<div class=\"elementor-widget-container\">\n\t\t\t\t\t<div class=\"elementor-accordion\">\n\t\t\t\t\t\t\t<div class=\"elementor-accordion-item\">\n\t\t\t\t\t<div id=\"elementor-tab-title-6801\" class=\"elementor-tab-title\" data-tab=\"1\" role=\"button\" aria-controls=\"elementor-tab-content-6801\" aria-expanded=\"false\">\n\t\t\t\t\t\t\t\t\t\t\t\t\t<span class=\"elementor-accordion-icon elementor-accordion-icon-left\" aria-hidden=\"true\">\n\t\t\t\t\t\t\t\t\t\t\t\t\t\t\t<span class=\"elementor-accordion-icon-closed\"><i class=\"fas fa-plus-circle\"><\/i><\/span>\n\t\t\t\t\t\t\t\t<span class=\"elementor-accordion-icon-opened\"><i class=\"fas fa-minus-circle\"><\/i><\/span>\n\t\t\t\t\t\t\t\t\t\t\t\t\t\t<\/span>\n\t\t\t\t\t\t\t\t\t\t\t\t<a class=\"elementor-accordion-title\" tabindex=\"0\">\u00bfMi urbanizaci\u00f3n\/comunidad est\u00e1 representada en la asociaci\u00f3n?<\/a>\n\t\t\t\t\t<\/div>\n\t\t\t\t\t<div id=\"elementor-tab-content-6801\" class=\"elementor-tab-content elementor-clearfix\" data-tab=\"1\" role=\"region\" aria-labelledby=\"elementor-tab-title-6801\"><p>Puedes ir a la <a href=\"http:\/\/vecinosgranalacant.com\/cms\/#urbanizaciones\" target=\"_blank\" rel=\"noopener\">secci\u00f3n de urbanizaciones<\/a> y comprobarlo. Tambi\u00e9n puedes mandarnos un email a\u00a0<a href=\"mailto:contacto@vecinosgranalacant.com\">contacto@vecinosgranalacant.com <\/a>para que lo revisemos.<\/p><\/div>\n\t\t\t\t<\/div>\n\t\t\t\t\t\t\t<div class=\"elementor-accordion-item\">\n\t\t\t\t\t<div id=\"elementor-tab-title-6802\" class=\"elementor-tab-title\" data-tab=\"2\" role=\"button\" aria-controls=\"elementor-tab-content-6802\" aria-expanded=\"false\">\n\t\t\t\t\t\t\t\t\t\t\t\t\t<span class=\"elementor-accordion-icon elementor-accordion-icon-left\" aria-hidden=\"true\">\n\t\t\t\t\t\t\t\t\t\t\t\t\t\t\t<span class=\"elementor-accordion-icon-closed\"><i class=\"fas fa-plus-circle\"><\/i><\/span>\n\t\t\t\t\t\t\t\t<span class=\"elementor-accordion-icon-opened\"><i class=\"fas fa-minus-circle\"><\/i><\/span>\n\t\t\t\t\t\t\t\t\t\t\t\t\t\t<\/span>\n\t\t\t\t\t\t\t\t\t\t\t\t<a class=\"elementor-accordion-title\" tabindex=\"0\">\u00bfQui\u00e9n puede asociarse?<\/a>\n\t\t\t\t\t<\/div>\n\t\t\t\t\t<div id=\"elementor-tab-content-6802\" class=\"elementor-tab-content elementor-clearfix\" data-tab=\"2\" role=\"region\" aria-labelledby=\"elementor-tab-title-6802\"><p class=\"p1\">De manera general, cualquier vecino de Gran Alacant, avalado por un asociado.<\/p><p class=\"p1\">Buscamos que todas las urbanizaciones est\u00e9n representadas de forma equilibrada por personas responsables, que est\u00e9n al tanto y conozcan bien los problemas y necesidades de su urbanizaci\u00f3n. Por ese motivo muchos de los asociados son presidentes de comunidad o miembros de junta directiva pero muchos asociados son simplemente vecinos con ganas de mejorar nuestro barrio, aportar ideas y organizar actividades que contribuyan a incrementar y mejorar la convivencia vecinal.<\/p><p class=\"p1\">No dudes m\u00e1s, \u00a1\u00fanete y ay\u00fadanos a seguir mejorando Gran Alacant!<\/p><p class=\"p1\">Escribe a contacto@vecinosgranalacant.com y te explicamos c\u00f3mo unirte<\/p><\/div>\n\t\t\t\t<\/div>\n\t\t\t\t\t\t\t<div class=\"elementor-accordion-item\">\n\t\t\t\t\t<div id=\"elementor-tab-title-6803\" class=\"elementor-tab-title\" data-tab=\"3\" role=\"button\" aria-controls=\"elementor-tab-content-6803\" aria-expanded=\"false\">\n\t\t\t\t\t\t\t\t\t\t\t\t\t<span class=\"elementor-accordion-icon elementor-accordion-icon-left\" aria-hidden=\"true\">\n\t\t\t\t\t\t\t\t\t\t\t\t\t\t\t<span class=\"elementor-accordion-icon-closed\"><i class=\"fas fa-plus-circle\"><\/i><\/span>\n\t\t\t\t\t\t\t\t<span class=\"elementor-accordion-icon-opened\"><i class=\"fas fa-minus-circle\"><\/i><\/span>\n\t\t\t\t\t\t\t\t\t\t\t\t\t\t<\/span>\n\t\t\t\t\t\t\t\t\t\t\t\t<a class=\"elementor-accordion-title\" tabindex=\"0\">\u00bfC\u00f3mo puedo promover que un problema o necesidad del barrio se trate?<\/a>\n\t\t\t\t\t<\/div>\n\t\t\t\t\t<div id=\"elementor-tab-content-6803\" class=\"elementor-tab-content elementor-clearfix\" data-tab=\"3\" role=\"region\" aria-labelledby=\"elementor-tab-title-6803\"><p>Con el objetivo de ser eficaces, la mejor manera es dirigi\u00e9ndote al representante de tu urbanizaci\u00f3n o comunidad dentro de la asociaci\u00f3n y de esa forma se puede llevar a reuniones y tratarlo entre todos de la mejor forma.<\/p><\/div>\n\t\t\t\t<\/div>\n\t\t\t\t\t\t\t\t<\/div>\n\t\t\t\t<\/div>\n\t\t\t\t<\/div>\n\t\t\t\t\t<\/div>\n\t\t<\/div>\n\t\t\t\t\t<\/div>\n\t\t<\/section>\n\t\t\t\t<\/div>\n\t\t","protected":false},"excerpt":{"rendered":"<p>\u00bfMi urbanizaci\u00f3n\/comunidad est\u00e1 representada en la asociaci\u00f3n? Puedes ir a la secci\u00f3n de urbanizaciones y comprobarlo. Tambi\u00e9n puedes mandarnos un email a\u00a0contacto@vecinosgranalacant.com para que lo revisemos. \u00bfQui\u00e9n puede asociarse? De manera general, cualquier vecino de Gran Alacant, avalado por un asociado. Buscamos que todas las urbanizaciones est\u00e9n representadas de forma equilibrada por personas responsables, que [&hellip;]<\/p>\n","protected":false},"author":1,"featured_media":0,"parent":0,"menu_order":0,"comment_status":"closed","ping_status":"closed","template":"","meta":{"footnotes":""},"_links":{"self":[{"href":"https:\/\/vecinosgranalacant.com\/cms\/wp-json\/wp\/v2\/pages\/12"}],"collection":[{"href":"https:\/\/vecinosgranalacant.com\/cms\/wp-json\/wp\/v2\/pages"}],"about":[{"href":"https:\/\/vecinosgranalacant.com\/cms\/wp-json\/wp\/v2\/types\/page"}],"author":[{"embeddable":true,"href":"https:\/\/vecinosgranalacant.com\/cms\/wp-json\/wp\/v2\/users\/1"}],"replies":[{"embeddable":true,"href":"https:\/\/vecinosgranalacant.com\/cms\/wp-json\/wp\/v2\/comments?post=12"}],"version-history":[{"count":19,"href":"https:\/\/vecinosgranalacant.com\/cms\/wp-json\/wp\/v2\/pages\/12\/revisions"}],"predecessor-version":[{"id":1924,"href":"https:\/\/vecinosgranalacant.com\/cms\/wp-json\/wp\/v2\/pages\/12\/revisions\/1924"}],"wp:attachment":[{"href":"https:\/\/vecinosgranalacant.com\/cms\/wp-json\/wp\/v2\/media?parent=12"}],"curies":[{"name":"wp","href":"https:\/\/api.w.org\/{rel}","templated":true}]}}